{"id":1450,"date":"2026-01-20T14:04:00","date_gmt":"2026-01-20T13:04:00","guid":{"rendered":"https:\/\/arc-bagnolet-belleville.fr\/?page_id=1450"},"modified":"2026-09-02T14:18:13","modified_gmt":"2026-09-02T12:18:13","slug":"saint-sebastien-le-patron-des-archer","status":"publish","type":"page","link":"https:\/\/arc-bagnolet-belleville.fr\/index.php\/la-compagnie\/saint-sebastien-le-patron-des-archer\/","title":{"rendered":"Saint-S\u00e9bastien, le patron des archer"},"content":{"rendered":"\n<h2 class=\"wp-block-heading\">A propos de la f\u00eate de Saint-S\u00e9bastien<\/h2>\n\n\n\n<div class=\"wp-block-media-text has-media-on-the-right is-stacked-on-mobile\" style=\"grid-template-columns:auto 29%\"><div class=\"wp-block-media-text__content\">\n<p class=\"wp-block-paragraph\">Aux alentours de l\u2019an 250, Rome poss\u00e9dait de nombreuses compagnies d\u2019archers. En 280, une centurie d\u2019archers \u00e9tait sous le commandement d\u2019un Narbonnais nomm\u00e9 S\u00e9bastien. Celui-ci vint \u00e0 se convertir \u00e0 la religion chr\u00e9tienne, ce qui \u00e9tait mal vu \u00e0 l\u2019\u00e9poque. Lorsque l\u2019empereur Diocl\u00e9tien l\u2019apprit, il demanda \u00e0 S\u00e9bastien de bien vouloir abjurer sa foi. Celui-ci refusa et fut condamn\u00e9 \u00e0 \u00eatre perc\u00e9 de fl\u00e8ches.<\/p>\n\n\n\n<p class=\"wp-block-paragraph\">Les historiens \u00e9voquent 2 hypoth\u00e8ses :<\/p>\n\n\n\n<p class=\"wp-block-paragraph\">L\u2019empereur aurait fait appel \u00e0 des archers mercenaires, pour ne pas prendre le risque d\u2019un refus d\u2019ob\u00e9issance ou d\u2019une mutinerie parmi les Pr\u00e9toriens. Ou encore, il aurait \u00e9t\u00e9 li\u00e9 \u00e0 un arbre (ou \u00e0 une colonne) et ses archers, ceux qu\u2019il commandait, lui tir\u00e8rent dessus mais, en raison de l&rsquo;affection qu&rsquo;ils avaient pour lui, \u00e9vit\u00e8rent de lui toucher un organe vital\u2026<\/p>\n\n\n\n<p class=\"wp-block-paragraph\">Laiss\u00e9 pour mort, une femme veuve nomm\u00e9e Ir\u00e8ne recueillit son corps et le soigna. Apr\u00e8s compl\u00e8te gu\u00e9rison, S\u00e9bastien, au lieu de fuir, se pr\u00e9senta \u00e0 l&#8217;empereur et lui reprocha sa cruaut\u00e9 en lui disant \u00ab Si vous voulez vivre en paix, cessez de r\u00e9pandre le sang innocent. \u00bb.<\/p>\n<\/div><figure class=\"wp-block-media-text__media\"><img loading=\"lazy\" decoding=\"async\" width=\"270\" height=\"640\" src=\"https:\/\/arc-bagnolet-belleville.fr\/wp-content\/uploads\/2026\/09\/cid_clip_image001.png\" alt=\"\" class=\"wp-image-1451 size-full\" srcset=\"https:\/\/arc-bagnolet-belleville.fr\/wp-content\/uploads\/2026\/09\/cid_clip_image001.png 270w, https:\/\/arc-bagnolet-belleville.fr\/wp-content\/uploads\/2026\/09\/cid_clip_image001-127x300.png 127w\" sizes=\"auto, (max-width: 270px) 100vw, 270px\" \/><\/figure><\/div>\n\n\n\n<p class=\"wp-block-paragraph\">Il fut de nouveau condamn\u00e9 \u00e0 mort, emmen\u00e9 dans un cirque o\u00f9 il fut lapid\u00e9 \u00e0 coups de pierres et achev\u00e9 \u00e0 coups de gourdins. Son corps fut jet\u00e9 tout ensanglant\u00e9 dans les \u00e9gouts de Rome afin que le corps du martyr ne soit pas v\u00e9n\u00e9r\u00e9 plus tard.\u00a0Il fut recueilli par une femme romaine catholique, Lucile, qui le fit enterrer dans les catacombes sous la voie Appia. En l\u2019an 890, l\u2019\u00e9v\u00eaque de Soisson fit le v\u0153u de rapatrier les reliques de\u00a0 Saint S\u00e9bastien dans son dioc\u00e8se. Il arma Chevaliers les archers de la compagnie de Soisson et les envoya r\u00e9cup\u00e9rer les pr\u00e9cieuses reliques pour les placer dans l\u2019abbaye de Saint M\u00e9dard \u00e0 Soisson. A la suite de cet \u00e9pisode d\u00e9buta la chevalerie d\u2019arc.<\/p>\n\n\n\n<p class=\"wp-block-paragraph\">S\u00e9bastien a \u00e9t\u00e9 honor\u00e9 pour les bienfaits de ce Saint gu\u00e9risseur dans les \u00e9pid\u00e9mies de peste. Ce Saint patron devint \u00e9galement par la suite le patron des prisonniers, des quincailliers, des denteliers, des athl\u00e8tes, des armuriers, des mourants, des ennemis de la religion chr\u00e9tienne, des ferrailleurs, des entrepreneurs et des confr\u00e9ries de charit\u00e9.<\/p>\n\n\n\n<p class=\"wp-block-paragraph\">Comme il se doit, nous honorons ce Saint patron chaque ann\u00e9e vers le 20 janvier par un tir traditionnel o\u00f9 la plus belle fl\u00e8che est r\u00e9compens\u00e9e. Ce tir est suivi d\u2019un repas avec parfois un gigot et dans ce cas&nbsp;le vainqueur se verra remettre l\u2019os du gigot qui symbolise les reliques de notre St Patron et devra le d\u00e9corer pour l\u2019ann\u00e9e suivante.<\/p>\n\n\n\n<p class=\"wp-block-paragraph\">Cette manifestation rappelle l&rsquo;esprit des Compagnies et resserre les liens d&rsquo;amiti\u00e9, de solidarit\u00e9 et de fraternit\u00e9 entre chevaliers et archers.<\/p>\n","protected":false},"excerpt":{"rendered":"<p>A propos de la f\u00eate de Saint-S\u00e9bastien Aux alentours de l\u2019an 250, Rome poss\u00e9dait de nombreuses compagnies d\u2019archers. En 280, une centurie d\u2019archers \u00e9tait sous le commandement d\u2019un Narbonnais nomm\u00e9 S\u00e9bastien. Celui-ci vint \u00e0 se convertir \u00e0 la religion chr\u00e9tienne, ce qui \u00e9tait mal vu \u00e0 l\u2019\u00e9poque. Lorsque l\u2019empereur Diocl\u00e9tien l\u2019apprit, il demanda \u00e0 S\u00e9bastien [&hellip;]<\/p>\n","protected":false},"author":5,"featured_media":0,"parent":153,"menu_order":0,"comment_status":"closed","ping_status":"closed","template":"page-nocomments","meta":{"_mc_calendar":[],"footnotes":"","_members_access_role":[],"_members_access_error":""},"class_list":["post-1450","page","type-page","status-publish","hentry"],"_links":{"self":[{"href":"https:\/\/arc-bagnolet-belleville.fr\/index.php\/wp-json\/wp\/v2\/pages\/1450","targetHints":{"allow":["GET"]}}],"collection":[{"href":"https:\/\/arc-bagnolet-belleville.fr\/index.php\/wp-json\/wp\/v2\/pages"}],"about":[{"href":"https:\/\/arc-bagnolet-belleville.fr\/index.php\/wp-json\/wp\/v2\/types\/page"}],"author":[{"embeddable":true,"href":"https:\/\/arc-bagnolet-belleville.fr\/index.php\/wp-json\/wp\/v2\/users\/5"}],"replies":[{"embeddable":true,"href":"https:\/\/arc-bagnolet-belleville.fr\/index.php\/wp-json\/wp\/v2\/comments?post=1450"}],"version-history":[{"count":6,"href":"https:\/\/arc-bagnolet-belleville.fr\/index.php\/wp-json\/wp\/v2\/pages\/1450\/revisions"}],"predecessor-version":[{"id":1457,"href":"https:\/\/arc-bagnolet-belleville.fr\/index.php\/wp-json\/wp\/v2\/pages\/1450\/revisions\/1457"}],"up":[{"embeddable":true,"href":"https:\/\/arc-bagnolet-belleville.fr\/index.php\/wp-json\/wp\/v2\/pages\/153"}],"wp:attachment":[{"href":"https:\/\/arc-bagnolet-belleville.fr\/index.php\/wp-json\/wp\/v2\/media?parent=1450"}],"curies":[{"name":"wp","href":"https:\/\/api.w.org\/{rel}","templated":true}]}}

Saint-Sébastien, le patron des archer

<h2 class="wp-block-heading">A propos de la fête de Saint-Sébastien</h2>



<div class="wp-block-media-text has-media-on-the-right is-stacked-on-mobile" style="grid-template-columns:auto 29%"><div class="wp-block-media-text__content">
<p class="wp-block-paragraph">Aux alentours de l’an 250, Rome possédait de nombreuses compagnies d’archers. En 280, une centurie d’archers était sous le commandement d’un Narbonnais nommé Sébastien. Celui-ci vint à se convertir à la religion chrétienne, ce qui était mal vu à l’époque. Lorsque l’empereur Dioclétien l’apprit, il demanda à Sébastien de bien vouloir abjurer sa foi. Celui-ci refusa et fut condamné à être percé de flèches.</p>



<p class="wp-block-paragraph">Les historiens évoquent 2 hypothèses :</p>



<p class="wp-block-paragraph">L’empereur aurait fait appel à des archers mercenaires, pour ne pas prendre le risque d’un refus d’obéissance ou d’une mutinerie parmi les Prétoriens. Ou encore, il aurait été lié à un arbre (ou à une colonne) et ses archers, ceux qu’il commandait, lui tirèrent dessus mais, en raison de l&rsquo;affection qu&rsquo;ils avaient pour lui, évitèrent de lui toucher un organe vital…</p>



<p class="wp-block-paragraph">Laissé pour mort, une femme veuve nommée Irène recueillit son corps et le soigna. Après complète guérison, Sébastien, au lieu de fuir, se présenta à l&#8217;empereur et lui reprocha sa cruauté en lui disant « Si vous voulez vivre en paix, cessez de répandre le sang innocent. ».</p>
</div><figure class="wp-block-media-text__media"><img loading="lazy" decoding="async" width="270" height="640" src="https://arc-bagnolet-belleville.fr/wp-content/uploads/2026/09/cid_clip_image001.png" alt="" class="wp-image-1451 size-full" srcset="https://arc-bagnolet-belleville.fr/wp-content/uploads/2026/09/cid_clip_image001.png 270w, https://arc-bagnolet-belleville.fr/wp-content/uploads/2026/09/cid_clip_image001-127x300.png 127w" sizes="auto, (max-width: 270px) 100vw, 270px" /></figure></div>



<p class="wp-block-paragraph">Il fut de nouveau condamné à mort, emmené dans un cirque où il fut lapidé à coups de pierres et achevé à coups de gourdins. Son corps fut jeté tout ensanglanté dans les égouts de Rome afin que le corps du martyr ne soit pas vénéré plus tard. Il fut recueilli par une femme romaine catholique, Lucile, qui le fit enterrer dans les catacombes sous la voie Appia. En l’an 890, l’évêque de Soisson fit le vœu de rapatrier les reliques de  Saint Sébastien dans son diocèse. Il arma Chevaliers les archers de la compagnie de Soisson et les envoya récupérer les précieuses reliques pour les placer dans l’abbaye de Saint Médard à Soisson. A la suite de cet épisode débuta la chevalerie d’arc.</p>



<p class="wp-block-paragraph">Sébastien a été honoré pour les bienfaits de ce Saint guérisseur dans les épidémies de peste. Ce Saint patron devint également par la suite le patron des prisonniers, des quincailliers, des denteliers, des athlètes, des armuriers, des mourants, des ennemis de la religion chrétienne, des ferrailleurs, des entrepreneurs et des confréries de charité.</p>



<p class="wp-block-paragraph">Comme il se doit, nous honorons ce Saint patron chaque année vers le 20 janvier par un tir traditionnel où la plus belle flèche est récompensée. Ce tir est suivi d’un repas avec parfois un gigot et dans ce cas&nbsp;le vainqueur se verra remettre l’os du gigot qui symbolise les reliques de notre St Patron et devra le décorer pour l’année suivante.</p>



<p class="wp-block-paragraph">Cette manifestation rappelle l&rsquo;esprit des Compagnies et resserre les liens d&rsquo;amitié, de solidarité et de fraternité entre chevaliers et archers.</p>

<p>A propos de la fête de Saint-Sébastien Aux alentours de l’an 250, Rome possédait de nombreuses compagnies d’archers. En 280, une centurie d’archers était sous le commandement d’un Narbonnais nommé Sébastien. Celui-ci vint à se convertir à la religion chrétienne, ce qui était mal vu à l’époque. Lorsque l’empereur Dioclétien l’apprit, il demanda à Sébastien [&hellip;]</p>
