{"id":1392,"date":"2026-02-07T16:47:49","date_gmt":"2026-02-07T15:47:49","guid":{"rendered":"https:\/\/arc-bagnolet-belleville.fr\/?page_id=1392"},"modified":"2026-02-07T16:47:51","modified_gmt":"2026-02-07T15:47:51","slug":"resultats-2026","status":"publish","type":"page","link":"https:\/\/arc-bagnolet-belleville.fr\/index.php\/les-podiums\/resultats-2026\/","title":{"rendered":"R\u00e9sultats 2026"},"content":{"rendered":"<ul class=\"display-posts-listing\"><li class=\"listing-item\"><a class=\"title\" href=\"https:\/\/arc-bagnolet-belleville.fr\/index.php\/2026\/01\/25\/championnat-departemental-en-salle-18m\/\">Championnat d\u00e9partemental en salle 18m<\/a><div class=\"content\">\n<div class=\"wp-block-media-text is-stacked-on-mobile\" style=\"grid-template-columns:32% auto\"><figure class=\"wp-block-media-text__media\"><img loading=\"lazy\" decoding=\"async\" width=\"1024\" height=\"1024\" src=\"https:\/\/arc-bagnolet-belleville.fr\/wp-content\/uploads\/2026\/01\/WhatsApp-Image-2026-01-25-at-22.34.50-1024x1024.jpeg\" alt=\"\" class=\"wp-image-1368 size-full\" srcset=\"https:\/\/arc-bagnolet-belleville.fr\/wp-content\/uploads\/2026\/01\/WhatsApp-Image-2026-01-25-at-22.34.50-1024x1024.jpeg 1024w, https:\/\/arc-bagnolet-belleville.fr\/wp-content\/uploads\/2026\/01\/WhatsApp-Image-2026-01-25-at-22.34.50-300x300.jpeg 300w, https:\/\/arc-bagnolet-belleville.fr\/wp-content\/uploads\/2026\/01\/WhatsApp-Image-2026-01-25-at-22.34.50-150x150.jpeg 150w, https:\/\/arc-bagnolet-belleville.fr\/wp-content\/uploads\/2026\/01\/WhatsApp-Image-2026-01-25-at-22.34.50-768x769.jpeg 768w, https:\/\/arc-bagnolet-belleville.fr\/wp-content\/uploads\/2026\/01\/WhatsApp-Image-2026-01-25-at-22.34.50.jpeg 1394w\" sizes=\"auto, (max-width: 1024px) 100vw, 1024px\" \/><\/figure><div class=\"wp-block-media-text__content\">\n<p><br>Le samedi 24 janvier, 7 archers de Bagnolet ont particip\u00e9 au championnat d\u00e9partemental en salle \u00e0 18m \u00e0 Gagny. 4 ont \u00e9t\u00e9 s\u00e9lectionn\u00e9s pour la phase de duels le lendemain. L\u2019\u00e9quipe remporte trois podiums\u00a0: Romain, champion d\u00e9partemental U18 classique homme, Taha, 3\u00e8me U18 classique homme, et Jocelyne, championne d\u00e9partementale S3 poulie femme. Bravo \u00e0 tous et f\u00e9licitation aux m\u00e9daill\u00e9s.<\/p>\n<\/div><\/div>\n\n\n\n<p><\/p>\n<\/div><\/li><li class=\"listing-item\"><a class=\"title\" href=\"https:\/\/arc-bagnolet-belleville.fr\/index.php\/2026\/01\/11\/concours-en-salle-18m-a-rosny-sous-bois\/\">Concours en salle 18m \u00e0 Rosny-sous-Bois<\/a><div class=\"content\">\n<div class=\"wp-block-media-text is-stacked-on-mobile\" style=\"grid-template-columns:36% auto\"><figure class=\"wp-block-media-text__media\"><img loading=\"lazy\" decoding=\"async\" width=\"1024\" height=\"768\" src=\"https:\/\/arc-bagnolet-belleville.fr\/wp-content\/uploads\/2026\/01\/WhatsApp-Image-2026-01-11-at-17.44.28-1024x768.jpeg\" alt=\"\" class=\"wp-image-1363 size-full\" srcset=\"https:\/\/arc-bagnolet-belleville.fr\/wp-content\/uploads\/2026\/01\/WhatsApp-Image-2026-01-11-at-17.44.28-1024x768.jpeg 1024w, https:\/\/arc-bagnolet-belleville.fr\/wp-content\/uploads\/2026\/01\/WhatsApp-Image-2026-01-11-at-17.44.28-300x225.jpeg 300w, https:\/\/arc-bagnolet-belleville.fr\/wp-content\/uploads\/2026\/01\/WhatsApp-Image-2026-01-11-at-17.44.28-768x576.jpeg 768w, https:\/\/arc-bagnolet-belleville.fr\/wp-content\/uploads\/2026\/01\/WhatsApp-Image-2026-01-11-at-17.44.28-1536x1152.jpeg 1536w, https:\/\/arc-bagnolet-belleville.fr\/wp-content\/uploads\/2026\/01\/WhatsApp-Image-2026-01-11-at-17.44.28.jpeg 1600w\" sizes=\"auto, (max-width: 1024px) 100vw, 1024px\" \/><\/figure><div class=\"wp-block-media-text__content\">\n<p><br>Le dimanche 11 janvier, sept archers de la Compagnie ont particip\u00e9 au concours en salle de Rosny-sous-Bois (2&#215;30 fl\u00e8ches \u00e0 18m). Taha emporte la 2\u00e8me place en U18 classique homme, Romain la 3\u00e8me dans la m\u00eame cat\u00e9gorie, et Jocelyne la premi\u00e8re en S3 poulie femme. Bravo \u00e0 tous.<\/p>\n<\/div><\/div>\n\n\n\n<figure class=\"wp-block-gallery has-nested-images columns-default is-cropped wp-block-gallery-1 is-layout-flex wp-block-gallery-is-layout-flex\">\n<figure class=\"wp-block-image size-large\"><img loading=\"lazy\" decoding=\"async\" width=\"768\" height=\"1024\" data-id=\"1364\" src=\"https:\/\/arc-bagnolet-belleville.fr\/wp-content\/uploads\/2026\/01\/WhatsApp-Image-2026-01-11-at-19.31.241-768x1024.jpeg\" alt=\"\" class=\"wp-image-1364\" srcset=\"https:\/\/arc-bagnolet-belleville.fr\/wp-content\/uploads\/2026\/01\/WhatsApp-Image-2026-01-11-at-19.31.241-768x1024.jpeg 768w, https:\/\/arc-bagnolet-belleville.fr\/wp-content\/uploads\/2026\/01\/WhatsApp-Image-2026-01-11-at-19.31.241-225x300.jpeg 225w, https:\/\/arc-bagnolet-belleville.fr\/wp-content\/uploads\/2026\/01\/WhatsApp-Image-2026-01-11-at-19.31.241-1152x1536.jpeg 1152w, https:\/\/arc-bagnolet-belleville.fr\/wp-content\/uploads\/2026\/01\/WhatsApp-Image-2026-01-11-at-19.31.241.jpeg 1200w\" sizes=\"auto, (max-width: 768px) 100vw, 768px\" \/><\/figure>\n\n\n\n<figure class=\"wp-block-image size-large\"><img loading=\"lazy\" decoding=\"async\" width=\"768\" height=\"1024\" data-id=\"1365\" src=\"https:\/\/arc-bagnolet-belleville.fr\/wp-content\/uploads\/2026\/01\/WhatsApp-Image-2026-01-11-at-19.31.242-768x1024.jpeg\" alt=\"\" class=\"wp-image-1365\" srcset=\"https:\/\/arc-bagnolet-belleville.fr\/wp-content\/uploads\/2026\/01\/WhatsApp-Image-2026-01-11-at-19.31.242-768x1024.jpeg 768w, https:\/\/arc-bagnolet-belleville.fr\/wp-content\/uploads\/2026\/01\/WhatsApp-Image-2026-01-11-at-19.31.242-225x300.jpeg 225w, https:\/\/arc-bagnolet-belleville.fr\/wp-content\/uploads\/2026\/01\/WhatsApp-Image-2026-01-11-at-19.31.242-1152x1536.jpeg 1152w, https:\/\/arc-bagnolet-belleville.fr\/wp-content\/uploads\/2026\/01\/WhatsApp-Image-2026-01-11-at-19.31.242.jpeg 1200w\" sizes=\"auto, (max-width: 768px) 100vw, 768px\" \/><\/figure>\n<\/figure>\n<\/div><\/li><\/ul>\n","protected":false},"excerpt":{"rendered":"","protected":false},"author":2,"featured_media":0,"parent":384,"menu_order":0,"comment_status":"closed","ping_status":"closed","template":"wp-custom-template-page-des-podiums","meta":{"_mc_calendar":[],"footnotes":""},"class_list":["post-1392","page","type-page","status-publish","hentry"],"_links":{"self":[{"href":"https:\/\/arc-bagnolet-belleville.fr\/index.php\/wp-json\/wp\/v2\/pages\/1392","targetHints":{"allow":["GET"]}}],"collection":[{"href":"https:\/\/arc-bagnolet-belleville.fr\/index.php\/wp-json\/wp\/v2\/pages"}],"about":[{"href":"https:\/\/arc-bagnolet-belleville.fr\/index.php\/wp-json\/wp\/v2\/types\/page"}],"author":[{"embeddable":true,"href":"https:\/\/arc-bagnolet-belleville.fr\/index.php\/wp-json\/wp\/v2\/users\/2"}],"replies":[{"embeddable":true,"href":"https:\/\/arc-bagnolet-belleville.fr\/index.php\/wp-json\/wp\/v2\/comments?post=1392"}],"version-history":[{"count":1,"href":"https:\/\/arc-bagnolet-belleville.fr\/index.php\/wp-json\/wp\/v2\/pages\/1392\/revisions"}],"predecessor-version":[{"id":1393,"href":"https:\/\/arc-bagnolet-belleville.fr\/index.php\/wp-json\/wp\/v2\/pages\/1392\/revisions\/1393"}],"up":[{"embeddable":true,"href":"https:\/\/arc-bagnolet-belleville.fr\/index.php\/wp-json\/wp\/v2\/pages\/384"}],"wp:attachment":[{"href":"https:\/\/arc-bagnolet-belleville.fr\/index.php\/wp-json\/wp\/v2\/media?parent=1392"}],"curies":[{"name":"wp","href":"https:\/\/api.w.org\/{rel}","templated":true}]}}